 + 3*y, -o*x + y = 0. Determine r(x).
0
Let s(u) = -u**2 - 5*u + 9 - 3*u + u. Let n be s(-8). Let y(b) = -4*b**3 + b + 2. Let g(i) = i**3 + i + 1. Let r(f) = n*y(f) - 3*g(f). Calculate r(-1).
8
Let i(p) = 2*p + 7. Let x be i(-6). Let d(y) = -2*y + 2. Let k(g) = 4*g - 3. Let v(b) = x*d(b) - 3*k(b). Give v(2).
-5
Let c(k) be the second derivative of 1/6*k**3 + 0 + 1/12*k**4 + k**2 + 5*k. Calculate c(3).
14
Let w(c) = -c**2 + 8*c - 7. Let r = -39 - -46. Determine w(r).
0
Suppose 2*o - 4*o = -4. Let j(h) = -3*h**o - 3*h - 3*h**2 - h**3 + 3*h**2. Calculate j(-2).
2
Let o(n) = 9*n**2 - n + 4. Let u(z) = 8*z**2 + 3. Let h(d) = -2*o(d) + 3*u(d). Calculate h(-1).
5
Suppose 3*m - 3*i = 6, i - 4 = -m - 0. Suppose 0 = -5*y - 2*d + 41, -3*y + 2*d + 3*d + 6 = 0. Let j(h) = h + 0 + h - y*h**m + 1. Give j(-1).
6
Let j(s) be the second derivative of -7*s**3/6 - 5*s. Suppose -2*w + 3*d + 3 = 17, -4*w - 4*d + 12 = 0. Calculate j(w).
7
Suppose 4*d + 40 = -0*d. Let h be d/25*10/(-1). Let m be 0/3*(-2)/h. Let b(p) = p - 6. Determine b(m).
-6
Let p(b) be the second derivative of -b**5/20 + 7*b**4/12 - 7*b**3/6 + 7*b**2/2 + 49*b. Let v(t) = t**2 + t. Let f be v(2). Give p(f).
1
Let h(o) = 1 - 1 - o - 4. Let u be h(0). Let i(g) = g**3 + 3 + 0*g**2 + 5*g**2 - 2*g + 7*g. Determine i(u).
-1
Suppose -2*x + 18 = 4*m, -5*m = -2*x - x + 5. Let s(c) = -3*c**m + 5*c + 2*c**2 + 3*c - 4*c - 4. Give s(4).
-4
Suppose 2*d = 5*i + 40, 11 + 2 = 2*i + 5*d. Let f(o) be the first derivative of -o**4/4 - 7*o**3/3 - 4*o**2 - 7*o + 3. Determine f(i).
5
Let t be 0 + (3 - 5) + 2. Let b(l) = 4*l + t*l**2 - l**2 + 0 - 3. Calculate b(3).
0
Let w(h) = -4*h + 7. Let d(r) = 3*r - 7. Let z(a) = -6*d(a) - 5*w(a). Calculate z(-7).
-7
Let q be (-178)/(-26) + 4/26. Let v(j) = -j + q*j**3 - 7*j**3 + 3*j**3. Determine v(1).
2
Suppose -s = 7 - 15. Let r(b) = b**2 - 7*b - 11. Calculate r(s).
-3
Suppose -17 = -5*u - 4*v, 0 = -u - 5*v - 1 + 17. Suppose 7 = -2*m + 5*o, 4*m + 2*o = -o - u. Let l(x) = -x. Give l(m).
1
Let n be 0 - -2*9/6. Let i(k) = k**2 - 3*k - 2. Determine i(n).
-2
Let q(h) = -h**2 - 2*h - 3. Let a = -162 - -97. Let i be 4/(-10) + a/25. What is q(i)?
-6
Let p(l) = -3 + l + 3 - 2. Let j(f) = -25*f + 43. Let c be j(2). What is p(c)?
-9
Suppose 0*z = -4*z. Let l(m) be the second derivative of 1/12*m**4 + 0 - 5/2*m**2 + 0*m**3 - 4*m. Give l(z).
-5
Let g(a) = -3*a**3 + 2*a**2 - 1. Let z(k) = -k - 1. Let j be z(-3). What is g(j)?
-17
Let u(w) = w**3 - 4*w**2 - 2*w + 1. Let q(c) = -c**3 - c**2 - c - 1. Let a(t) = 2*q(t) + u(t). Suppose 0 = -6*m + m + 55. Let r = -16 + m. Determine a(r).
-6
Let r(s) = s**2 - 2. Let h(z) = -3*z**2 + z - 2. Let a be h(0). Calculate r(a).
2
Let l(b) = -b**2 + 10*b + 8. Let t = 34 + -23. Determine l(t).
-3
Let x(j) = -7 - 2*j - 2*j + 8 + 2*j. Determine x(1).
-1
Let b = -4 - -2. Suppose a + 8 = 5*a. Let v(q) = -4*q - 3 - 2*q - q**a + 0. What is v(b)?
5
Let c(x) be the first derivative of 9*x**2/2 + 4. What is c(2)?
18
Let n = 8 + -5. Let q(m) = 4*m**3 - 1 + 0 + 0 + 3*m**n. Let v be -1*(0 + 3/3). Give q(v).
-8
Let s(a) = 3*a**3 + 5*a**2 + 5*a + 1. Let j(l) = -l**3 - 3*l**2 - 3*l - 1. Let n(u) = -5*j(u) - 2*s(u). Determine n(6).
-3
Let j(w) = 6*w + 34 - 34. Let m = 1 + -2. Determine j(m).
-6
Let h(n) = -n + 3. Suppose 0 = d - 3*v + 6 + 2, -5*d - 5*v = -40. Let p(k) = k - 2. Let m be p(d). Give h(m).
1
Let p(b) = b**2 + 0*b**2 - 20*b + 10*b - 20*b**3 + 1 + 9*b. Calculate p(1).
-19
Let v = 5 + -8. Let u(j) = -j**2 - j - 3. Let k(z) = 2*z**2 + 2*z + 7. Let t(h) = 2*k(h) + 5*u(h). Calculate t(v).
-7
Let o(c) be the first derivative of c**3/3 + 3*c**2 - 1. Suppose -a + 2 = -3*i + 3*a, 3*a - 12 = 4*i. Calculate o(i).
0
Let z(k) = 2*k**3 - k**3 - 1 + 0 + 6*k**2. Let y(s) = 18*s - 132. Let u be y(7). What is z(u)?
-1
Let j(q) = 4*q**2 - q + 1. Suppose x = y - 2, -2 = 5*x + 3. What is j(y)?
4
Let l(f) be the first derivative of -1/4*f**4 - 5 - 2/3*f**3 + 3*f**2 + 6*f. Calculate l(-4).
14
Let k(f) = -f + 1. Let j(p) = p**3 - 5*p**2 - 4*p. Let r(t) = -j(t) - 2*k(t). Let g be 8/28 + (-40)/(-7). Determine r(g).
-2
Let b be (6/(-28))/(36/(-14)). Let u(a) be the second derivative of 2/3*a**3 + b*a**4 + 0 + 2*a**2 - 3*a. Determine u(-3).
1
Let y(w) be the second derivative of w**4/6 + w**3/3 + w**2/2 - 2*w. Suppose 9 = -7*v - 2*v. Determine y(v).
1
Let i(x) be the first derivative of -1/3*x**3 + 3*x**2 - 3*x - 6. What is i(5)?
2
Let a = 13 + -11. Suppose a + 10 = -2*o. Let z(d) be the first derivative of d**2/2 + 6*d - 1. Give z(o).
0
Let n = 34 - 30. Let a(b) be the first derivative of 1/2*b**2 - 1/4*b**n - 1 - 2/3*b**3 + b. What is a(-3)?
7
Let t = -7 + 10. Suppose t - 8 = 5*p. Let m(u) = -8*u - 1. Determine m(p).
7
Let m(q) = -3*q**3 + 3*q**2 - q + 1. Let w = 41 - 39. Determine m(w).
-13
Let b = -125 + 128. Let q(c) = 4*c + 2. Determine q(b).
14
Let q(a) be the third derivative of -a**4/24 - a**3/6 - 3*a**2. Determine q(-6).
5
Let o(m) = -m + 4. Suppose 3*i + 11 = -f, 0 = 4*f - 0*i + i + 11. Let k = f + 4. Suppose s - k = 3. What is o(s)?
-1
Suppose 0 = -5*p + p. Let v(c) = -c + p*c**2 + c**2 + 4 - 4 - 2. Determine v(-2).
4
Let d(b) = b**2 + b - 1. Let q = 2 + -1. Let a(j) = 2*j**2 + 4*j + 2. Let p be a(-2). Let s = p - q. Give d(s).
1
Let x = -4 - 1. Let n be (-17)/(-3) + x/(-15). Let i(b) = -2 + 7*b + 0*b**3 - 2 - n*b**2 + b**3. Give i(5).
6
Let f be ((-20)/(-6) - 1)/(47/141). Let r(j) = -j**3 + 8*j**2 - 6*j - 3. Give r(f).
4
Let y(s) = s + 2. Let u be y(0). Let i be (2 - 0 - -1) + -1. Let k(a) = -a**2 - 2*a**2 + u*a + 4*a**i. Calculate k(-3).
3
Suppose o - 19 = -0*o + 4*h, 5*o + h = -10. Let m = o + 4. Let u be (m/2)/((-6)/8). Let y(a) = a**3 + 2*a**2 + 4*a + 3. Give y(u).
-5
Let w(g) be the second derivative of 0 - 1/3*g**3 + g - g**2. What is w(-2)?
2
Let u = -7 - -11. Let q(a) = 2*a + 0*a - a - u. What is q(3)?
-1
Let v(r) be the third derivative of r**6/120 + r**5/60 + r**4/24 - 13*r**3/6 + 4*r**2. What is v(0)?
-13
Let k(y) = y**3 - 3*y**2 + y - 1. Suppose -2*z = -z. Suppose z = -o - 4*t + 2, 8 = 4*o - 0*o + 4*t. Give k(o).
-3
Suppose -2 = -5*i + 4*i. Let s(j) = -j**2 + 6*j**i - 38 + j**3 + 37 + j. Calculate s(-5).
-6
Let x(i) be the third derivative of i**7/2520 + i**6/120 + i**5/40 - i**4/6 + 6*i**2. Let n(t) be the second derivative of x(t). What is n(-4)?
-5
Let j(l) be the second derivative of -l**6/120 + l**5/20 + l**4/6 + l**3/2 + 5*l**2/2 - 5*l. Let i(y) be the first derivative of j(y). Calculate i(4).
3
Suppose 4*v + 5*o - 4*o = 5, -5*v = -5*o - 25. Let z(l) = 0*l + 9*l**v - 4*l**3 - 2*l + 1 - 7*l**2. Determine z(1).
-3
Let z(a) = 5*a**2 + 11*a + 40. Let h(v) = -v**2 - 2*v - 8. Let c(u) = 11*h(u) + 2*z(u). Calculate c(0).
-8
Let p(l) = 14*l**2 - 3*l - 5. Let m(z) = 5*z**2 - z - 2. Let d(b) = 11*m(b) - 4*p(b). Suppose -2 = -r + 3. Suppose 5 = a + 3*k, -3*k + 4*k + 9 = r*a. Give d(a).
-4
Let o(d) = -3*d**2 + 5*d + 5. Let l(y) = -7*y**2 + 10*y + 11. Let h(t) = 2*l(t) - 5*o(t). Let c be 1 - (-5 - (2 + -4)). Determine h(c).
-7
Let k(m) = -2 - 2 + 1 + m + 2*m. Let p be k(2). Let v(j) = -j**3 + j**2 + 4*j. What is v(p)?
-6
Let h(a) = 1 + 0*a - a + 9*a - 7*a. Calculate h(-9).
-8
Let t(s) = 2*s - 5. Let a be ((-26)/4 + 3)*-4. Suppose -4 = 2*z - a. Give t(z).
5
Let u(m) = 2*m**2 + 24*m + 32. Let p(x) = 3*x**2 + 36*x + 48. Let v(i) = 5*p(i) - 8*u(i). What is v(-11)?
-5
Let w be (2*-1)/(-1 + 0). Let m(x) = -6*x + 6*x**w - x**3 + x + 3 - 1. Let z(y) = y**3 - 4*y**2 - 4*y. Let d be z(5). What is m(d)?
2
Let x(t) = t**3 + t + 1. Let m(f) = 5*f**3 + 5*f**2 + 12*f + 3. Let j(h) = -m(h) + 6*x(h). Let n be j(6). Let u(i) = n + 3*i - i + 3*i. Calculate u(-2).
-7
Suppose -3*l - 10 = r - 5*r, -5*r + 3 = l. Let c(m) = -2*m**2 - m + 1. Give c(r).
-2
Suppose -9 = -5*c + 1. Let j(t) = -t**3 - 13*t**2 - 3*t - 13. Let g(d) = -1 + 3 - 2 + d + 4 + 4*d**2. Let i(y) = -7*g(y) - 2*j(y). Determine i(c).
4
Let n be (-10)/(-2) - -1 - 2. Let r(u) = -6*u**2 + 3*u**2 + n*u**2. Suppose -v + 4 - 2 = 0. What is r(v)?
4
Suppose -c - 1 + 3 = 0. Let g(z) = -5*z**c + 2*z**2 + 4*z + 2 + 2*z**2. Give g(3).
5
Let y(z) = -2*z**2 - 5*z - 4. Let c be 4/(-2)*(2 + 0). Let s(x) = -x**2 + 13*x - 2. Let i be s(13). Let f be c - (i/2 + 0). Give y(f).
-7
Let l be (-10)/(-4)*(-54)/(-45). Let q(o) = 4*o**2 - 9*o + 6*o**3 - 4